17 a factor of 30311?
True
Is 169 a multiple of 3?
False
Does 23 divide 1826?
False
Is 99 a factor of 19503?
True
Does 2 divide 84?
True
Does 313 divide 28261?
False
Is 101 a factor of 10605?
True
Is 39591 a multiple of 53?
True
Is 36 a factor of 540?
True
Is 329 a multiple of 7?
True
Is 32 a factor of 1673?
False
Is 85 a factor of 2975?
True
Is 7281 a multiple of 19?
False
Does 75 divide 9675?
True
Is 21904 a multiple of 16?
True
Is 3 a factor of 286?
False
Does 7 divide 10493?
True
Is 6 a factor of 252?
True
Is 24745 a multiple of 7?
True
Is 133 a factor of 5054?
True
Is 94 a multiple of 2?
True
Is 943 a multiple of 64?
False
Is 17 a factor of 4138?
False
Is 14 a factor of 630?
True
Is 5304 a multiple of 102?
True
Is 27 a factor of 10422?
True
Does 10 divide 110?
True
Is 717 a multiple of 3?
True
Does 23 divide 4287?
False
Does 18 divide 57492?
True
Does 5 divide 19210?
True
Is 36 a factor of 7920?
True
Is 3036 a multiple of 6?
True
Is 2454 a multiple of 54?
False
Does 370 divide 9990?
True
Is 22 a factor of 921?
False
Is 6713 a multiple of 10?
False
Is 12 a factor of 9391?
False
Does 50 divide 7500?
True
Does 15 divide 14988?
False
Is 60800 a multiple of 76?
True
Is 6104 a multiple of 28?
True
Does 13 divide 177478?
False
Does 52 divide 967?
False
Is 3656 a multiple of 4?
True
Does 16 divide 40560?
True
Does 12 divide 75?
False
Is 9 a factor of 288?
True
Is 598 a multiple of 13?
True
Is 6 a factor of 306?
True
Does 110 divide 10780?
True
Is 21 a factor of 685?
False
Does 8 divide 85?
False
Is 3306 a multiple of 38?
True
Does 106 divide 7933?
False
Does 9 divide 162?
True
Does 73 divide 6633?
False
Is 21560 a multiple of 20?
True
Is 29 a factor of 319?
True
Is 4254 a multiple of 90?
False
Is 46 a factor of 2024?
True
Is 15 a factor of 7730?
False
Does 60 divide 1414?
False
Does 141 divide 112365?
False
Does 16 divide 624?
True
Is 25728 a multiple of 67?
True
Is 4781 a multiple of 10?
False
Does 19 divide 2205?
False
Is 27 a factor of 1357?
False
Is 15 a factor of 1560?
True
Is 7 a factor of 3467?
False
Is 27373 a multiple of 69?
False
Is 8239 a multiple of 107?
True
Does 23 divide 40751?
False
Does 20 divide 2740?
True
Is 25 a factor of 14968?
False
Is 65817 a multiple of 19?
False
Is 2574 a multiple of 99?
True
Is 205 a factor of 18666?
False
Is 35048 a multiple of 13?
True
Is 98 a factor of 9490?
False
Does 21 divide 22071?
True
Is 34 a factor of 13736?
True
Does 7 divide 2849?
True
Does 33 divide 33446?
False
Does 30 divide 4507?
False
Does 42 divide 1722?
True
Is 288 a multiple of 9?
True
Is 36 a factor of 3199?
False
Does 12 divide 132?
True
Is 565 a multiple of 22?
False
Does 12 divide 102636?
True
Is 8835 a multiple of 54?
False
Is 992 a multiple of 8?
True
Does 18 divide 594?
True
Is 388 a multiple of 12?
False
Is 4 a factor of 109?
False
Does 7 divide 3052?
True
Does 31 divide 20243?
True
Is 3941 a multiple of 6?
False
Does 10 divide 10626?
False
Does 3 divide 1347?
True
Is 127 a factor of 20605?
False
Does 29 divide 2211?
False
Is 14 a factor of 36078?
True
Does 3 divide 28285?
False
Is 19 a factor of 358?
False
Is 60 a factor of 19691?
False
Is 77 a factor of 83027?
False
Does 68 divide 5634?
False
Does 173 divide 18511?
True
Is 515 a multiple of 39?
False
Is 898 a multiple of 24?
False
Is 18 a factor of 77871?
False
Is 7 a factor of 49?
True
Does 14 divide 2142?
True
Is 195 a multiple of 66?
False
Is 17 a factor of 11815?
True
Is 90776 a multiple of 7?
True
Is 16 a factor of 25573?
False
Is 79348 a multiple of 239?
True
Is 22 a factor of 278?
False
Is 121 a factor of 267?
False
Is 6 a factor of 2061?
False
Is 13 a factor of 26293?
False
Does 56 divide 1126?
False
Does 3 divide 1188?
True
Does 63 divide 27531?
True
Does 59 divide 3422?
True
Is 17761 a multiple of 18?
False
Is 43956 a multiple of 27?
True
Does 54 divide 1800?
False
Is 286 a multiple of 3?
False
Is 86561 a multiple of 96?
False
Is 12 a factor of 13632?
True
Does 7 divide 63?
True
Is 7 a factor of 473?
False
Does 41 divide 2526?
False
Is 20 a factor of 12240?
True
Is 2360 a multiple of 59?
True
Does 93 divide 66774?
True
Is 8640 a multiple of 64?
True
Is 60 a factor of 3494?
False
Is 16 a factor of 15530?
False
Does 119 divide 5950?
True
Is 31 a factor of 1364?
True
Is 140 a factor of 3220?
True
Is 151 a multiple of 13?
False
Is 12315 a multiple of 42?
False
Does 87 divide 2175?
True
Does 29 divide 49192?
False
Is 13 a factor of 92878?
False
Is 19943 a multiple of 61?
False
Is 24 a factor of 59304?
True
Is 11 a factor of 2750?
True
Is 588 a multiple of 10?
False
Is 142 a factor of 60208?
True
Is 62689 a multiple of 25?
False
Is 189 a multiple of 22?
False
Is 40 a factor of 1160?
True
Does 18 divide 4626?
True
Is 9500 a multiple of 95?
True
Is 638 a multiple of 22?
True
Does 118 divide 20899?
False
Does 17 divide 3485?
True
Does 15 divide 720?
True
Is 35 a multiple of 35?
True
Is 10706 a multiple of 62?
False
Does 6 divide 708?
True
Is 8 a factor of 511?
False
Is 47 a factor of 2527?
False
Is 103 a factor of 9682?
True
Is 931 a multiple of 12?
False
Is 7 a factor of 75422?
False
Does 9 divide 124947?
True
Is 90 a factor of 62479?
False
Does 26 divide 13980?
False
Is 2878 a multiple of 21?
False
Does 43 divide 2879?
False
Is 268 a multiple of 2?
True
Is 4539 a multiple of 32?
False
Is 21 a factor of 1470?
True
Is 53 a factor of 17711?
False
Does 3 divide 47?
False
Is 1255 a multiple of 10?
False
Is 64854 a multiple of 54?
True
Is 1991 a multiple of 16?
False
Does 13 divide 2171?
True
Is 37 a factor of 3441?
True
Is 60 a factor of 54841?
False
Does 17 divide 8576?
False
Does 65 divide 649?
False
Is 4 a factor of 511?
False
Is 2319 a multiple of 3?
True
Does 135 divide 1890?
True
Is 3730 a multiple of 11?
False
Is 3 a factor of 3324?
True
Is 1219 a multiple of 9?
False
Does 46 divide 2689?
False
Does 7 divide 18112?
False
Does 156 divide 7488?
True
Is 5 a factor of 96?
False
Is 6177 a multiple of 5?
False
Is 47 a factor of 24158?
True
Is 80 a factor of 7254?
False
Does 19 divide 1868?
False
Does 8 divide 28268?
False
Does 7 divide 4256?
True
Is 108 a factor of 2160?
True
Is 41 a factor of 6683?
True
Is 8227 a multiple of 5?
False
Is 46 a factor of 10841?
False
Is 8 a factor of 624?
True
Is 11529 a multiple of 9?
True
Is 211 a multiple of 11?
False
Is 9 a factor of 7191?
True
Is 11572 a multiple of 15?
False
Is 330 a multiple of 33?
True
Is 468 a multiple of 8?
False
Is 14 a factor of 784?
True
Is 19 a factor of 278?
False
Is 4 a factor of 8512?
True
Is 34992 a multiple of 62?
False
Is 1835 a multiple of 5?
True
Is 52 a factor of 104?
True
Is 22 a factor of 592?
False
Is 797 a multiple of 31?
False
Is 4 a factor of 579?
False
Is 55 a factor of 22330?
True
Does 18 divide 356?
False
Does 3 divide 407?
False
Is 141 a multiple of 4?
False
Does 23 divide 69?
True
Does 72 divide 1512?
True
Is 19 a factor of 3534?
True
Is 29304 a multiple of 44?
True
Is 10 a factor of 1887?
False
Does 92 divide 3267?
False
Is 1298 a multiple of 12?
False
Does 6 divide 1434?
True
Is 2343 a multiple of 26?
False
Does 107 divide 7177?
False
Is 3630 a multiple of 55?
True
Is 1893 a multiple of 27?
False
Is 468 a multiple of 3?
True
Is 120534 a multiple of 27?
False
Is 25 a factor of 1425?
True
Does 6 divide 10998?
True
Is 13708 a multiple of 15?
False
Is 22 a factor of 1265?
False
Is 3366 a multiple of 22?
True
Is 36 a factor of 684?
True
Does 13 divide 1430?
True
Is 3840 a multiple of 63?
False
Does 54 divide 810?
True
Is 180 a multiple of 15?
True
Is 105 a factor of 4515?
True
Does 17 divide 2185?
False
Is 17 a factor of 9470?
False
Is 4 a factor of 74?
False
Does 17 divide 6426?
True
Is 286 a multiple of 48?
False
Is 759 a multiple of 33?
True
Is 29 a factor of 783?
True
Is 39 a factor of 34515?
True
Is 1178 a multiple of 19?
True
Is 99 a factor of 23285?
False
Is 666 a multiple of 14?
False
Is 17 a factor of 14416?
True
Does 11 divide 847?
True
Is 21 a factor of 16721?
False
Is 7304 a multiple of 3?
False
Is 13 a factor of 27940?
False
Is 10 a factor of 14620?
True
Does 56 divide 15792?
True
Is 1998 a multiple of 6?
True
Does 13 divide 49?
False
Is 130 a factor of 21034?
False
Is 1092 a multiple of 12?
True
Does 140 divide 365?
False
Does 6 divide 753?
False
Does 12 divide 38712?
True
Does 